t j be v(6). What is the highest common factor of 58 and j?
29
Let y(n) be the third derivative of -11*n**4/12 - 5*n**3/3 + 18*n**2. Let s be y(-4). Calculate the highest common divisor of 52 and s.
26
Let m = -331 + 340. Calculate the highest common divisor of 27 and m.
9
Let j = -118 - -150. Calculate the highest common factor of j and 272.
16
Let o = -86 - -164. Let c = -70 + 122. Calculate the highest common divisor of o and c.
26
Let g(r) = 5*r**3 - 2*r + 3. Let j(f) = f**3 - f**2 - f + 1. Let s(h) = g(h) - 4*j(h). Let t be s(-2). What is the greatest common divisor of 6 and t?
3
Let r = 219 + -39. Suppose h - r = -8*h. What is the greatest common divisor of 180 and h?
20
Suppose 14*g = 20*g - 750. Calculate the greatest common divisor of g and 100.
25
Suppose f + 11 = b, 0 = b + 3*f + f + 4. Let a be 1/2 - (-4)/b. Suppose 0 = 2*j - z - 12, 9*j = 8*j - 4*z + 15. Calculate the greatest common factor of j and a.
1
Suppose z + 106 = 9*o - 7*o, 4*z + 159 = 3*o. Let d = -46 + 11. Let w = o + d. What is the greatest common factor of 72 and w?
18
Let b be (-33)/(-4) + (-1)/4. Let p = -65 - -66. Let w be (59 - 5) + 5 - (4 - p). What is the greatest common divisor of w and b?
8
Let y(t) = -361*t + 8. Let v be y(-1). Calculate the highest common divisor of 41 and v.
41
Let h = -9 - -12. Let w = -17 + 19. Suppose a + 0*a - 5*q - 14 = 0, 0 = h*a + w*q - 59. Calculate the greatest common divisor of 171 and a.
19
Let u(r) = -r**3 - 3*r**2 + r - 9. Let p be u(-4). Suppose p*o + 1 - 7 = 0. Suppose 4*a - 41 - 47 = 0. Calculate the greatest common factor of a and o.
2
Suppose 12*i + 310 = 2*i. Let b = i + 43. Calculate the highest common divisor of 12 and b.
12
Suppose -4*x + 8 + 32 = 0. Let s(l) = -l**3 + 11*l**2 - 9*l + 20. Let q be s(x). Calculate the greatest common factor of q and 150.
30
Let x(q) be the first derivative of 7*q + 1/4*q**4 + 7/3*q**3 + 3*q**2 + 5. Let z be x(-5). What is the greatest common factor of z and 3?
3
Let b(l) = -l**3 + 6*l**2 + 2*l + 8. Let r be b(4). Let u = -24 + r. What is the greatest common divisor of 12 and u?
12
Suppose 3*s = -3*i + 126, 54 = 3*s - 2*s - 3*i. Let v be 10/s - ((-385)/9 + 1). Calculate the highest common factor of 336 and v.
42
Let u be 129/5 + 12/(-15). Let h = -15 + u. Let c be (24/(-9))/(h/(-15)). Calculate the greatest common divisor of c and 16.
4
Let a(f) = 4*f**2 - 3*f - 3. Let m be a(-3). Let g be 84*(5 - (-42)/(-9)). Calculate the greatest common factor of g and m.
14
Let o be -1*2*-1 + -20 + 10. Let x be o*5/2*7/(-2). What is the highest common divisor of 20 and x?
10
Let w be (4/6)/((-48)/(-12744)). Let t = 267 - w. Calculate the greatest common divisor of t and 10.
10
Let f be (0 - 1)/(-1)*1. Let h = -9 + -129. Let y = 143 + h. What is the highest common factor of y and f?
1
Let s(l) = l**2 - 6*l - 3. Let i be s(7). Suppose -p + 35 = 4*j, 2*j - i*j - 3*p + 15 = 0. Calculate the highest common factor of j and 72.
9
Let l(i) = 16*i - 128. Let g be l(14). Let y be (-6)/4*-3*32. Calculate the highest common factor of g and y.
48
Let h(a) = 2*a**2 + 19*a + 13. Let d be h(-9). Let k = 2 + 2. Calculate the highest common factor of k and d.
4
Suppose -4*y - 4*u = -84, -5*y = 45*u - 50*u - 155. Calculate the highest common factor of 351 and y.
13
Let d be (85/(-10) + 5 + 1)*-6. Calculate the greatest common factor of d and 30.
15
Suppose -4*k + 92 = -5*v, 5*k - 111 = -4*v - 37. What is the greatest common factor of 18 and k?
18
Let n(k) = -5*k - 2. Let f = -3 + 3. Suppose 0 = 4*c - f*c + 8. Let g be n(c). Calculate the greatest common factor of g and 4.
4
Let v = -30 + 36. Suppose v*s = 135 + 381. Calculate the highest common divisor of s and 43.
43
Let o = 133 + -314. Let i = o - -253. What is the greatest common factor of i and 108?
36
Let q be (4 - 0)/(3/66). Suppose 0*m - 3*m - q = -2*p, 3*p + 3*m - 102 = 0. Calculate the highest common factor of 304 and p.
38
Suppose 3*v = 3*r + 417, -3*v + 6*r + 401 = 7*r. Calculate the greatest common factor of 45 and v.
45
Suppose 5*w - 2820 = -4*t, -2*t - 5*w = -1486 + 66. What is the highest common factor of t and 20?
20
Let w be 2646/24 + ((-9)/4 - -2). Suppose 0 = -5*a, -2*n - 3*a = -160 - w. What is the greatest common divisor of n and 15?
15
Suppose 0 = -5*w - 0*w, -4*w + 50 = 5*u. Calculate the highest common factor of 270 and u.
10
Let b be (392/8 - -9) + -9. Suppose 3*l - 84 = -8*c + 3*c, -5*c + 4*l + 98 = 0. Let t = -11 + c. Calculate the highest common factor of b and t.
7
Let p = 5930 + -5840. Suppose 2*k = 7*k - 50. Calculate the highest common divisor of p and k.
10
Let m be 18*(-4 + 91/14). Calculate the highest common divisor of 9 and m.
9
Let b(k) = k**3 + 3*k**2 + 10*k - 42. Let i be b(3). Calculate the highest common factor of i and 21.
21
Suppose -13 = -y + 27. Let v = 1451 + -1435. What is the greatest common divisor of y and v?
8
Suppose -5*i - 4 = 2*d, i - d = -2*i + 2. Suppose i = 2*a - 60 - 84. Suppose 2*p + a = 5*p. What is the greatest common factor of p and 48?
24
Suppose 3*p - 5*u = 208, 0 = -5*p - u - 2*u + 392. What is the highest common divisor of 266 and p?
38
Suppose 0 = 2*z - c - 27, 3*z - z - 4*c - 18 = 0. What is the greatest common divisor of z and 120?
15
Let q be 7*5*(-2 - -4) + 2. Let a be ((-18)/(-4) + -2)/(6/q). What is the greatest common factor of 50 and a?
10
Suppose -v = 3*v + 3*m - 4, -3*m = 2*v - 2. Let j be -1 - (v + 2 + -5). Suppose -2*q - j + 15 = 0. Calculate the greatest common divisor of 28 and q.
7
Let r = -1061 - -1071. Let s be -45*((-4)/6)/1. What is the highest common factor of s and r?
10
Suppose 0*p = 2*p - 2*q - 6, -11 = -3*p + 5*q. Suppose 0 = -0*t + 4*t. Let i = p + t. What is the greatest common divisor of i and 8?
2
Suppose 0 = x - 4*x - 7*x + 200. Suppose 100 = 5*z - 0*z. Calculate the highest common factor of x and z.
20
Suppose 5*q - q = -4*o + 352, q = -3*o + 270. Suppose -3*m + 19 = 4*j, 5*j + 3*m - 6*m = -10. Let i = 12 + j. Calculate the highest common factor of o and i.
13
Let f(m) = 31*m - 2. Let h(x) = x**2 + x + 2. Let u be h(0). Let v be f(u). What is the highest common divisor of v and 90?
30
Let o be 42/11 + 100/550. Calculate the highest common divisor of 9 and o.
1
Let b = 15 - 20. Let y(c) = -c**3 - 6*c**2 - 6*c + 4. Let t be y(b). Calculate the highest common factor of t and 99.
9
Suppose -5*q = 4*c + 1, -c - q = 1 - 2. Suppose -3*o + 6*o - 123 = -x, 0 = -4*x + 4*o + 444. Let u = x - 111. Calculate the highest common factor of u and c.
3
Let i(g) = g + 44. Let p be i(-9). Suppose 70 = w + 4*w. Calculate the greatest common divisor of w and p.
7
Let w(j) = -10*j - 18. Let o(f) = 5*f + 9. Let t(u) = -9*o(u) - 4*w(u). Let d be t(-9). What is the highest common divisor of 9 and d?
9
Let n(x) = x**2 + 5*x - 344. Let s be n(-23). Let z = 117 + 58. What is the highest common divisor of z and s?
35
Let k be (-5000)/(-160) + 3/4. What is the greatest common factor of 12 and k?
4
Let n(t) = 6*t + 6. Let i be n(11). Suppose -l - 52 = -3*x, 2*x + 2*x - i = 2*l. What is the highest common divisor of 8 and x?
8
Let n = 127 + -71. What is the greatest common divisor of n and 168?
56
Suppose 0 = -4*z + o + 62, -2*o - 21 = -2*z + 7. Calculate the highest common divisor of z and 136.
8
Let y = -22 - -18. Let f be (2/y)/((-5)/(-100)). Let m be 3/((-3)/(-2)) - f. What is the greatest common factor of 24 and m?
12
Let k(c) = 11*c**2 - 3*c + 7. Let l be k(4). What is the highest common divisor of l and 228?
57
Suppose -11*s = -418 - 352. Calculate the greatest common factor of s and 40.
10
Let u be 4 + -1*(-33)/(-6 - -3). Let z(a) = -a**3 + 2*a**2 + 18*a + 7. Let s be z(u). Calculate the highest common divisor of 46 and s.
46
Let w(m) = 29*m**2 + 38*m - 7. Let k be w(6). What is the highest common divisor of k and 115?
115
Let k(y) be the second derivative of -67*y**4/12 - y**3/6 + 3*y. Let u be k(-1). Let s = u - -199. What is the highest common divisor of s and 19?
19
Suppose -5*s = -2*b - 52, 0 = -2*b - b - 3. What is the highest common divisor of 4 and s?
2
Suppose 3*n = s + 1, -16 + 7 = -2*s - 5*n. What is the highest common divisor of 2 and s?
2
Suppose -326 + 116 = -3*t. Let o = -56 + t. Calculate the greatest common factor of 21 and o.
7
Let u be 2 + 42/2 - 0. Suppose -3*p + 4 + 5 = 0